{"id":17,"date":"2016-07-04T08:51:09","date_gmt":"2016-07-04T08:51:09","guid":{"rendered":"http:\/\/www.wba-direkt.de\/?page_id=17"},"modified":"2017-05-17T19:40:53","modified_gmt":"2017-05-17T19:40:53","slug":"versicherungsschutz-gesundheit","status":"publish","type":"page","link":"https:\/\/www.wba-direkt.de\/?page_id=17","title":{"rendered":"Gesundheit"},"content":{"rendered":"\n<style type=\"text\/css\" data-created_by=\"avia_inline_auto\" id=\"style-css-av-av_heading-a9f6e1f1e51cfd7aaeb28893aaee4e10\">\n#top .av-special-heading.av-av_heading-a9f6e1f1e51cfd7aaeb28893aaee4e10{\npadding-bottom:10px;\n}\nbody .av-special-heading.av-av_heading-a9f6e1f1e51cfd7aaeb28893aaee4e10 .av-special-heading-tag .heading-char{\nfont-size:25px;\n}\n.av-special-heading.av-av_heading-a9f6e1f1e51cfd7aaeb28893aaee4e10 .av-subheading{\nfont-size:15px;\n}\n<\/style>\n<div  class='av-special-heading av-av_heading-a9f6e1f1e51cfd7aaeb28893aaee4e10 av-special-heading-h3  avia-builder-el-0  el_before_av_textblock  avia-builder-el-first '><h3 class='av-special-heading-tag'  itemprop=\"headline\"  >Krankenversicherung und Pflegezusatzversicherung<\/h3><div class=\"special-heading-border\"><div class=\"special-heading-inner-border\"><\/div><\/div><\/div>\n<section  class='av_textblock_section av-av_textblock-0366cc7376be6c9e82a3e9cc8987b64f'  itemscope=\"itemscope\" itemtype=\"https:\/\/schema.org\/CreativeWork\" ><div class='avia_textblock'  itemprop=\"text\" ><p> <strong>Sie wollen die optimale Leistung f\u00fcr Ihre Gesundheit.<\/strong><br \/>\n <strong>\u00a0<\/strong><\/p>\n<\/div><\/section>\n\n<style type=\"text\/css\" data-created_by=\"avia_inline_auto\" id=\"style-css-av-av_iconlist-43d2839a9c4ca2d0f17014509f7d10b3\">\n#top .avia-icon-list-container.av-av_iconlist-43d2839a9c4ca2d0f17014509f7d10b3 .iconlist_icon{\nbackground-color:#0e553f;\n}\n<\/style>\n<div  class='avia-icon-list-container av-av_iconlist-43d2839a9c4ca2d0f17014509f7d10b3  avia-builder-el-2  el_after_av_textblock  el_before_av_textblock '><ul class='avia-icon-list avia_animate_when_almost_visible avia-icon-list-left av-iconlist-big av-av_iconlist-43d2839a9c4ca2d0f17014509f7d10b3 avia-iconlist-animate'>\n <li><div class='iconlist_icon av-av_iconlist_item-ff39567c088c38d08b92337ad978b0f0 avia-font-fontello'><span class='iconlist-char' aria-hidden='true' data-av_icon='\ue823' data-av_iconfont='fontello'><\/span><\/div><article class=\"article-icon-entry av-iconlist-empty\"  itemscope=\"itemscope\" itemtype=\"https:\/\/schema.org\/CreativeWork\" ><div class=\"iconlist_content_wrap\"><header class=\"entry-content-header\"><h4 class='av_iconlist_title iconlist_title  '  itemprop=\"headline\" >Transparenter Vergleich aller Tarife der privaten Krankenversicherungen<br \/>\nsowie der Pflegezusatzversicherungen<\/h4><\/header><div class='iconlist_content '  itemprop=\"text\" ><\/div><\/div><footer class=\"entry-footer\"><\/footer><\/article><div class=\"iconlist-timeline\"><\/div><\/li>\n <li><div class='iconlist_icon av-av_iconlist_item-22e3665428e95ee961f066d1a9d75ee1 avia-font-fontello'><span class='iconlist-char' aria-hidden='true' data-av_icon='\ue82b' data-av_iconfont='fontello'><\/span><\/div><article class=\"article-icon-entry av-iconlist-empty\"  itemscope=\"itemscope\" itemtype=\"https:\/\/schema.org\/CreativeWork\" ><div class=\"iconlist_content_wrap\"><header class=\"entry-content-header\"><h4 class='av_iconlist_title iconlist_title  '  itemprop=\"headline\" >\u00dcberblick \u00fcber Optionsm\u00f6glichkeiten<\/h4><\/header><div class='iconlist_content '  itemprop=\"text\" ><\/div><\/div><footer class=\"entry-footer\"><\/footer><\/article><div class=\"iconlist-timeline\"><\/div><\/li>\n <li><div class='iconlist_icon av-av_iconlist_item-44d6d1755671abd1e575eb64d1781e8b avia-font-fontello'><span class='iconlist-char' aria-hidden='true' data-av_icon='\ue807' data-av_iconfont='fontello'><\/span><\/div><article class=\"article-icon-entry av-iconlist-empty\"  itemscope=\"itemscope\" itemtype=\"https:\/\/schema.org\/CreativeWork\" ><div class=\"iconlist_content_wrap\"><header class=\"entry-content-header\"><h4 class='av_iconlist_title iconlist_title  '  itemprop=\"headline\" >Hilfe bei Beantragung und Voranfragen<\/h4><\/header><div class='iconlist_content '  itemprop=\"text\" ><\/div><\/div><footer class=\"entry-footer\"><\/footer><\/article><div class=\"iconlist-timeline\"><\/div><\/li>\n <\/ul><\/div>\n<section  class='av_textblock_section av-av_textblock-0366cc7376be6c9e82a3e9cc8987b64f'  itemscope=\"itemscope\" itemtype=\"https:\/\/schema.org\/CreativeWork\" ><div class='avia_textblock'  itemprop=\"text\" ><p> <span style=\"color: #000000;\">Bei der Auswahl der Krankenversicherung sowie der Pflegezusatzversicherung geht es um ihr pers\u00f6nliches Preis-\/Leistungsverh\u00e4ltnis.<\/span><\/p>\n<p><span style=\"color: #000000;\">Entscheidend f\u00fcr Umfang und H\u00f6he der Leistungen sind die Versicherungsbedingungen des einzelnen Versicherers.\u00a0 Diese k\u00f6nnen von den Unternehmen f\u00fcr bestehende Vertr\u00e4ge nicht einfach ver\u00e4ndert werden. Deshalb sollten Sie sich von Anfang an dar\u00fcber\u00a0 informieren, auf welche Leistungen Sie Wert legen.<\/span><\/p>\n<\/div><\/section>\n\n<style type=\"text\/css\" data-created_by=\"avia_inline_auto\" id=\"style-css-av-av_heading-7dc633e22aa38f268638926262974e62\">\n#top .av-special-heading.av-av_heading-7dc633e22aa38f268638926262974e62{\npadding-bottom:10px;\n}\nbody .av-special-heading.av-av_heading-7dc633e22aa38f268638926262974e62 .av-special-heading-tag .heading-char{\nfont-size:25px;\n}\n.av-special-heading.av-av_heading-7dc633e22aa38f268638926262974e62 .av-subheading{\nfont-size:15px;\n}\n<\/style>\n<div  class='av-special-heading av-av_heading-7dc633e22aa38f268638926262974e62 av-special-heading-h4  avia-builder-el-4  el_after_av_textblock  el_before_av_textblock '><h4 class='av-special-heading-tag'  itemprop=\"headline\"  >Krankenversicherung f\u00fcr Lehrer<\/h4><div class=\"special-heading-border\"><div class=\"special-heading-inner-border\"><\/div><\/div><\/div>\n<section  class='av_textblock_section av-av_textblock-0366cc7376be6c9e82a3e9cc8987b64f'  itemscope=\"itemscope\" itemtype=\"https:\/\/schema.org\/CreativeWork\" ><div class='avia_textblock'  itemprop=\"text\" ><p> <span style=\"color: #000000;\">F\u00fcr ein rundum sicheres Gef\u00fchl.<\/span><\/p>\n<p><a class=\"custom_button\" href=\"https:\/\/www.wba-direkt.de\/?page_id=815&amp;topic=Krankenversicherung f\u00fcr Lehrer\">Beratung anfordern<\/a><\/p>\n<\/div><\/section>\n\n<style type=\"text\/css\" data-created_by=\"avia_inline_auto\" id=\"style-css-av-av_heading-c4a1ad4803860f5158f855cd77a9cbe8\">\n#top .av-special-heading.av-av_heading-c4a1ad4803860f5158f855cd77a9cbe8{\npadding-bottom:10px;\n}\nbody .av-special-heading.av-av_heading-c4a1ad4803860f5158f855cd77a9cbe8 .av-special-heading-tag .heading-char{\nfont-size:25px;\n}\n.av-special-heading.av-av_heading-c4a1ad4803860f5158f855cd77a9cbe8 .av-subheading{\nfont-size:15px;\n}\n<\/style>\n<div  class='av-special-heading av-av_heading-c4a1ad4803860f5158f855cd77a9cbe8 av-special-heading-h4  avia-builder-el-6  el_after_av_textblock  el_before_av_textblock '><h4 class='av-special-heading-tag'  itemprop=\"headline\"  >Krankenversicherung f\u00fcr Lehramtsanw\u00e4rter\/Referendare<\/h4><div class=\"special-heading-border\"><div class=\"special-heading-inner-border\"><\/div><\/div><\/div>\n<section  class='av_textblock_section av-av_textblock-0366cc7376be6c9e82a3e9cc8987b64f'  itemscope=\"itemscope\" itemtype=\"https:\/\/schema.org\/CreativeWork\" ><div class='avia_textblock'  itemprop=\"text\" ><p> <strong>\u00a0<\/strong><span style=\"color: #000000;\">Starke Leistungen und viel Komfort.<\/span><\/p>\n<p><a class=\"custom_button\" href=\"https:\/\/www.wba-direkt.de\/?page_id=815&amp;topic=Krankenversicherung f\u00fcr Lehramtsanw\u00e4rter und Referendare\">Beratung anfordern<\/a><\/p>\n<\/div><\/section>\n\n<style type=\"text\/css\" data-created_by=\"avia_inline_auto\" id=\"style-css-av-av_heading-8cfa55a4e4c94c08aff0c6098a1ddac9\">\n#top .av-special-heading.av-av_heading-8cfa55a4e4c94c08aff0c6098a1ddac9{\npadding-bottom:10px;\n}\nbody .av-special-heading.av-av_heading-8cfa55a4e4c94c08aff0c6098a1ddac9 .av-special-heading-tag .heading-char{\nfont-size:25px;\n}\n.av-special-heading.av-av_heading-8cfa55a4e4c94c08aff0c6098a1ddac9 .av-subheading{\nfont-size:15px;\n}\n<\/style>\n<div  class='av-special-heading av-av_heading-8cfa55a4e4c94c08aff0c6098a1ddac9 av-special-heading-h4  avia-builder-el-8  el_after_av_textblock  el_before_av_textblock '><h4 class='av-special-heading-tag'  itemprop=\"headline\"  >Pflegevorsorge<\/h4><div class=\"special-heading-border\"><div class=\"special-heading-inner-border\"><\/div><\/div><\/div>\n<section  class='av_textblock_section av-av_textblock-0366cc7376be6c9e82a3e9cc8987b64f'  itemscope=\"itemscope\" itemtype=\"https:\/\/schema.org\/CreativeWork\" ><div class='avia_textblock'  itemprop=\"text\" ><p> <span style=\"color: #000000;\">G\u00fcnstige Pflegeversicherungen f\u00fcr alle Pflegestufen.<\/span><\/p>\n<p><a class=\"custom_button\" href=\"https:\/\/www.wba-direkt.de\/?page_id=815&amp;topic=Pflegevorsorge\">Beratung anfordern<\/a><\/p>\n<\/div><\/section>\n","protected":false},"excerpt":{"rendered":"","protected":false},"author":1,"featured_media":0,"parent":50,"menu_order":0,"comment_status":"closed","ping_status":"closed","template":"","meta":{"footnotes":""},"_links":{"self":[{"href":"https:\/\/www.wba-direkt.de\/index.php?rest_route=\/wp\/v2\/pages\/17"}],"collection":[{"href":"https:\/\/www.wba-direkt.de\/index.php?rest_route=\/wp\/v2\/pages"}],"about":[{"href":"https:\/\/www.wba-direkt.de\/index.php?rest_route=\/wp\/v2\/types\/page"}],"author":[{"embeddable":true,"href":"https:\/\/www.wba-direkt.de\/index.php?rest_route=\/wp\/v2\/users\/1"}],"replies":[{"embeddable":true,"href":"https:\/\/www.wba-direkt.de\/index.php?rest_route=%2Fwp%2Fv2%2Fcomments&post=17"}],"version-history":[{"count":33,"href":"https:\/\/www.wba-direkt.de\/index.php?rest_route=\/wp\/v2\/pages\/17\/revisions"}],"predecessor-version":[{"id":1190,"href":"https:\/\/www.wba-direkt.de\/index.php?rest_route=\/wp\/v2\/pages\/17\/revisions\/1190"}],"up":[{"embeddable":true,"href":"https:\/\/www.wba-direkt.de\/index.php?rest_route=\/wp\/v2\/pages\/50"}],"wp:attachment":[{"href":"https:\/\/www.wba-direkt.de\/index.php?rest_route=%2Fwp%2Fv2%2Fmedia&parent=17"}],"curies":[{"name":"wp","href":"https:\/\/api.w.org\/{rel}","templated":true}]}}